{"id":654,"date":"2017-05-09T16:25:46","date_gmt":"2017-05-09T16:25:46","guid":{"rendered":"https:\/\/centreest.ca\/accueil\/?page_id=654&#038;lang=fr"},"modified":"2023-06-01T14:45:32","modified_gmt":"2023-06-01T20:45:32","slug":"sante-et-securite","status":"publish","type":"page","link":"https:\/\/centreest.ca\/accueil\/sante-et-securite\/","title":{"rendered":"Sant\u00e9 et s\u00e9curit\u00e9"},"content":{"rendered":"<div class=\"wpb-content-wrapper\"><p>[vc_row][vc_column width=&#8221;1\/4&#8243;][vc_wp_custommenu nav_menu=&#8221;100&#8243;][\/vc_column][vc_column width=&#8221;3\/4&#8243;][vc_column_text]<\/p>\n<h3>La s\u00e9curit\u00e9 est notre priorit\u00e9!<\/h3>\n<p>Notre mission est d\u2019assurer une \u00e9ducation francophone de qualit\u00e9 qui soutient l\u2019\u00e9l\u00e8ve dans son cheminement et ce, sans compromettre sa sant\u00e9 et sa s\u00e9curit\u00e9. C\u2019est pourquoi nous veillerons \u00e0 ce que les programmes de sant\u00e9 et s\u00e9curit\u00e9 respectent les normes les plus \u00e9lev\u00e9es et les meilleures pratiques pour nos \u00e9coles et notre Conseil scolaire.<\/p>\n<hr \/>\n<h3>La s\u00e9curit\u00e9 c\u2019est l&#8217;affaire de tous!<\/h3>\n<p>Toutes les personnes qui participent aux activit\u00e9s de Conseil scolaire Centre-Est ont la responsabilit\u00e9 de contribuer \u00e0 cr\u00e9er et \u00e0 maintenir un milieu de travail s\u00e9curitaire pour eux-m\u00eames et pour les autres. Il est n\u00e9cessaire d&#8217;avoir des attentes claires pour garantir que tout le monde est inform\u00e9 de ses droits et obligations. Cela permettra au syst\u00e8me de sant\u00e9 et s\u00e9curit\u00e9 du Conseil scolaire Centre-Est de fonctionner de fa\u00e7on efficace.[\/vc_column_text][vc_separator][vc_btn title=&#8221;Portail s\u00e9curis\u00e9 &#8211; Comit\u00e9 Sant\u00e9 et s\u00e9curit\u00e9 du CSCE&#8221; shape=&#8221;round&#8221; color=&#8221;sandy-brown&#8221; size=&#8221;lg&#8221; align=&#8221;center&#8221; link=&#8221;url:http%3A%2F%2Fcentreest.ca%2Faccueil%2Fsante-et-securite-du-csce&#8221;][vc_separator][vc_column_text]<\/p>\n<h2>Documentation<\/h2>\n<p><em>Vous trouverez ici toutes les derni\u00e8res informations en mati\u00e8re de sant\u00e9 et s\u00e9curit\u00e9.<\/em><\/p>\n<p><a href=\"http:\/\/secure.campaigner.com\/csb\/Public\/show\/cflw-2ouvlw--13a3gc-8hyui3j3\" target=\"_blank\" rel=\"noopener\">OH&amp;S eNews &#8211; Juin 2023<\/a><\/p>\n<p><a href=\"https:\/\/centreest.ca\/accueil\/wp-content\/uploads\/2023\/05\/OHS-eNews-special-edition_-wildfires.pdf\" target=\"_blank\" rel=\"noopener\">OH&amp;S eNews &#8211; \u00c9dition sp\u00e9ciale &#8211; Feux de for\u00eat<\/a><\/p>\n<p><a href=\"https:\/\/centreest.ca\/accueil\/wp-content\/uploads\/2023\/05\/OHS-eNews-May-2023.pdf\" target=\"_blank\" rel=\"noopener\">OH&amp;S eNews &#8211; Mai 2023<\/a>[\/vc_column_text][vc_separator][vc_empty_space height=&#8221;62px&#8221;][vc_empty_space height=&#8221;62px&#8221;][\/vc_column][\/vc_row]<\/p>\n<\/div>","protected":false},"excerpt":{"rendered":"<p>[vc_row][vc_column width=&#8221;1\/4&#8243;][vc_wp_custommenu nav_menu=&#8221;100&#8243;][\/vc_column][vc_column width=&#8221;3\/4&#8243;][vc_column_text] La s\u00e9curit\u00e9 est notre priorit\u00e9! Notre mission est d\u2019assurer une \u00e9ducation francophone de qualit\u00e9 qui soutient l\u2019\u00e9l\u00e8ve dans son cheminement et ce, sans compromettre sa sant\u00e9 [&hellip;]<\/p>\n","protected":false},"author":1,"featured_media":0,"parent":0,"menu_order":0,"comment_status":"closed","ping_status":"closed","template":"","meta":{"footnotes":""},"class_list":["post-654","page","type-page","status-publish","hentry"],"_links":{"self":[{"href":"https:\/\/centreest.ca\/accueil\/wp-json\/wp\/v2\/pages\/654","targetHints":{"allow":["GET"]}}],"collection":[{"href":"https:\/\/centreest.ca\/accueil\/wp-json\/wp\/v2\/pages"}],"about":[{"href":"https:\/\/centreest.ca\/accueil\/wp-json\/wp\/v2\/types\/page"}],"author":[{"embeddable":true,"href":"https:\/\/centreest.ca\/accueil\/wp-json\/wp\/v2\/users\/1"}],"replies":[{"embeddable":true,"href":"https:\/\/centreest.ca\/accueil\/wp-json\/wp\/v2\/comments?post=654"}],"version-history":[{"count":6,"href":"https:\/\/centreest.ca\/accueil\/wp-json\/wp\/v2\/pages\/654\/revisions"}],"predecessor-version":[{"id":22749,"href":"https:\/\/centreest.ca\/accueil\/wp-json\/wp\/v2\/pages\/654\/revisions\/22749"}],"wp:attachment":[{"href":"https:\/\/centreest.ca\/accueil\/wp-json\/wp\/v2\/media?parent=654"}],"curies":[{"name":"wp","href":"https:\/\/api.w.org\/{rel}","templated":true}]}}