{"id":462,"date":"2017-03-13T23:28:14","date_gmt":"2017-03-13T23:28:14","guid":{"rendered":"https:\/\/centreest.ca\/accueil\/?page_id=462&#038;lang=fr"},"modified":"2022-03-30T13:44:26","modified_gmt":"2022-03-30T19:44:26","slug":"enseigner-au-csce","status":"publish","type":"page","link":"https:\/\/centreest.ca\/accueil\/travailler-chez-nous\/enseigner-au-csce\/","title":{"rendered":"Enseigner au CSCE"},"content":{"rendered":"<div class=\"wpb-content-wrapper\"><p>[vc_row][vc_column width=&#8221;1\/4&#8243;][vc_wp_custommenu nav_menu=&#8221;101&#8243;][\/vc_column][vc_column width=&#8221;3\/4&#8243;][vc_empty_space][vc_column_text]<\/p>\n<h2><img loading=\"lazy\" decoding=\"async\" class=\"size-medium wp-image-1142 alignright\" src=\"https:\/\/centreest.ca\/accueil\/wp-content\/uploads\/2017\/03\/robot_1-300x241.png\" alt=\"\" width=\"300\" height=\"241\" srcset=\"https:\/\/centreest.ca\/accueil\/wp-content\/uploads\/2017\/03\/robot_1-300x241.png 300w, https:\/\/centreest.ca\/accueil\/wp-content\/uploads\/2017\/03\/robot_1.png 410w\" sizes=\"auto, (max-width: 300px) 100vw, 300px\" \/>Pour enseigner dans les \u00e9coles de l\u2019Alberta, tout enseignant doit d\u00e9tenir une autorisation d\u2019enseigner valide avant d\u2019\u00eatre embauch\u00e9 par un Conseil scolaire.<\/h2>\n<p>[\/vc_column_text][vc_empty_space][vc_column_text]<strong>EN ALBERTA, IL Y A DEUX TYPES DE BREVETS D\u2019ENSEIGNEMENT :<\/strong><\/p>\n<p><strong>\u00c0 savoir\u00a0:<\/strong><\/p>\n<p>L\u2019Alberta a deux niveaux de brevet d\u2019enseignement\u00a0:<\/p>\n<p><strong>Le brevet professionnel provisoire <\/strong><em>(Interim Professional Certificate)<\/em> \u00a0est le certificat initial d\u00e9livr\u00e9 \u00e0 tous les candidats qui satisfont aux exigences \u00e9nonc\u00e9es dans le r\u00e8glement. Le certificat professionnel provisoire est valable pour une p\u00e9riode de trois ans. Une fois expir\u00e9, le certificat professionnel provisoire peut \u00eatre d\u00e9livr\u00e9 \u00e0 nouveau sous la preuve d\u2019une recommandation d\u2019un conseil scolaire.<\/p>\n<p><strong>Le brevet professionnel permanent <\/strong><em>(Permanent Professional Certificate)<\/em> \u00a0est \u00e9mis lors de la r\u00e9ception d\u2019une recommandation d\u2019une autorit\u00e9 scolaire attestant que:<\/p>\n<ul>\n<li>L\u2019enseignant a compl\u00e9t\u00e9 deux ans de r\u00e9ussite de l\u2019enseignement; et<\/li>\n<li>L\u2019enseignant a eu deux \u00e9valuations fond\u00e9es sur les connaissances, les comp\u00e9tences et les qualit\u00e9s de la certification permanente indiqu\u00e9e dans la norme qualit\u00e9 de l\u2019enseignement.<\/li>\n<\/ul>\n<p>Toute personne qui veut enseigner en Alberta doit remplir <a href=\"https:\/\/www.alberta.ca\/teacher-certification.aspx\" target=\"_blank\" rel=\"noopener\"><strong>une demande de brevet d\u2019enseignement en ligne<\/strong><\/a>.[\/vc_column_text][vc_empty_space][vc_column_text]<\/p>\n<h2>DROITS LI\u00c9S AU PROCESSUS D\u2019OBTENTION D\u2019UN BREVET<\/h2>\n<p>Les frais de dossier varient en fonction de l\u2019instance o\u00f9 le programme de formation \u00e0 l\u2019enseignement a \u00e9t\u00e9 termin\u00e9\u00a0:<\/p>\n<table>\n<tbody>\n<tr>\n<td>En Alberta (dipl\u00f4m\u00e9s de l\u2019Alberta)<\/td>\n<td>200$<\/td>\n<\/tr>\n<tr>\n<td>Au Canada ou aux \u00c9tats-Unis (hors de la province)<\/td>\n<td>225$<\/td>\n<\/tr>\n<tr>\n<td>\u00c0 l\u2019ext\u00e9rieur du Canada ou des \u00c9tats-Unis<\/td>\n<td>250$<\/td>\n<\/tr>\n<\/tbody>\n<\/table>\n<p><strong><br \/>\n<\/strong><em>Les frais aff\u00e9rents \u00e0 l\u2019analyse de dossiers ne sont pas remboursables.<\/em><\/p>\n<p><em>Une fois que votre demande de brevet est compl\u00e8te, selon les demandes prescrites par Teacher Certification, de d\u00e9livrance de documents justificatifs de votre part, le d\u00e9lai de traitement (incluant l\u2019\u00e9valuation des titres de comp\u00e9tences) peut prendre au moins 60 jours ouvrables.<\/em>[\/vc_column_text][vc_empty_space height=&#8221;62px&#8221;][\/vc_column][\/vc_row]<\/p>\n<\/div>","protected":false},"excerpt":{"rendered":"<p>[vc_row][vc_column width=&#8221;1\/4&#8243;][vc_wp_custommenu nav_menu=&#8221;101&#8243;][\/vc_column][vc_column width=&#8221;3\/4&#8243;][vc_empty_space][vc_column_text] Pour enseigner dans les \u00e9coles de l\u2019Alberta, tout enseignant doit d\u00e9tenir une autorisation d\u2019enseigner valide avant d\u2019\u00eatre embauch\u00e9 par un Conseil scolaire. [\/vc_column_text][vc_empty_space][vc_column_text]EN ALBERTA, IL Y [&hellip;]<\/p>\n","protected":false},"author":1,"featured_media":0,"parent":454,"menu_order":0,"comment_status":"closed","ping_status":"closed","template":"","meta":{"footnotes":""},"class_list":["post-462","page","type-page","status-publish","hentry"],"_links":{"self":[{"href":"https:\/\/centreest.ca\/accueil\/wp-json\/wp\/v2\/pages\/462","targetHints":{"allow":["GET"]}}],"collection":[{"href":"https:\/\/centreest.ca\/accueil\/wp-json\/wp\/v2\/pages"}],"about":[{"href":"https:\/\/centreest.ca\/accueil\/wp-json\/wp\/v2\/types\/page"}],"author":[{"embeddable":true,"href":"https:\/\/centreest.ca\/accueil\/wp-json\/wp\/v2\/users\/1"}],"replies":[{"embeddable":true,"href":"https:\/\/centreest.ca\/accueil\/wp-json\/wp\/v2\/comments?post=462"}],"version-history":[{"count":6,"href":"https:\/\/centreest.ca\/accueil\/wp-json\/wp\/v2\/pages\/462\/revisions"}],"predecessor-version":[{"id":19965,"href":"https:\/\/centreest.ca\/accueil\/wp-json\/wp\/v2\/pages\/462\/revisions\/19965"}],"up":[{"embeddable":true,"href":"https:\/\/centreest.ca\/accueil\/wp-json\/wp\/v2\/pages\/454"}],"wp:attachment":[{"href":"https:\/\/centreest.ca\/accueil\/wp-json\/wp\/v2\/media?parent=462"}],"curies":[{"name":"wp","href":"https:\/\/api.w.org\/{rel}","templated":true}]}}