{"id":456,"date":"2017-03-13T23:26:39","date_gmt":"2017-03-13T23:26:39","guid":{"rendered":"https:\/\/centreest.ca\/accueil\/?page_id=456&#038;lang=fr"},"modified":"2017-08-22T09:53:13","modified_gmt":"2017-08-22T09:53:13","slug":"pourquoi-faire-partie-de-lequipe-du-csce","status":"publish","type":"page","link":"https:\/\/centreest.ca\/accueil\/travailler-chez-nous\/pourquoi-faire-partie-de-lequipe-du-csce\/","title":{"rendered":"Pourquoi faire partie de l\u2019\u00e9quipe du CSCE?"},"content":{"rendered":"<div class=\"wpb-content-wrapper\"><p>[vc_row][vc_column width=&#8221;1\/4&#8243;][vc_wp_custommenu nav_menu=&#8221;101&#8243;][\/vc_column][vc_column width=&#8221;3\/4&#8243;]\t\t\r\n\t<!-- Gallery Section -->\r\n\t<div class=\"gallery-section container-fluid no-left-padding no-right-padding\">\r\n\t\t<!-- Container -->\r\n\t\t<div class=\"container\">\r\n\t\t\t\t\t\t<ul id=\"filters\" class=\"portfolio-categories no-left-padding\">\r\n\t\t\t\t<li><a data-filter=\"*\" class=\"active\" href=\"#\">TOUS<\/a><\/li>\r\n\t\t\t\t<li><a data-filter=\".activit\u00e9s\" href=\"#\" title=\"Activit\u00e9s\">Activit\u00e9s<\/a><\/li><li><a data-filter=\".arts\" href=\"#\" title=\"Arts\">Arts<\/a><\/li><li><a data-filter=\".enseignants\" href=\"#\" title=\"Enseignants\">Enseignants<\/a><\/li><li><a data-filter=\".\u00c9quipe\" href=\"#\" title=\"\u00c9quipe\">\u00c9quipe<\/a><\/li><li><a data-filter=\".sports\" href=\"#\" title=\"Sports\">Sports<\/a><\/li>\t\t\t<\/ul>\r\n\t\t<\/div><!-- Container \/- -->\r\n\t\t<div class=\"list-items\">\r\n\t\t\t<ul class=\"portfolio-list\">\r\n\t\t\t\t\t\t\t\t\t<li class=\"col-md-4 col-sm-6 col-xs-6 no-padding activit\u00e9s\">\r\n\r\n\t\t\t\t\t\t<div class=\"content-image-block\">\r\n\t\t\t\t\t\t\t<img loading=\"lazy\" decoding=\"async\" width=\"400\" height=\"400\" src=\"https:\/\/centreest.ca\/accueil\/wp-content\/uploads\/2017\/09\/D___6741-400x400.jpg\" class=\"attachment-enginerrs-400-400 size-enginerrs-400-400 wp-post-image\" alt=\"\" srcset=\"https:\/\/centreest.ca\/accueil\/wp-content\/uploads\/2017\/09\/D___6741-400x400.jpg 400w, https:\/\/centreest.ca\/accueil\/wp-content\/uploads\/2017\/09\/D___6741-150x150.jpg 150w, https:\/\/centreest.ca\/accueil\/wp-content\/uploads\/2017\/09\/D___6741-102x102.jpg 102w, https:\/\/centreest.ca\/accueil\/wp-content\/uploads\/2017\/09\/D___6741-264x264.jpg 264w\" sizes=\"auto, (max-width: 400px) 100vw, 400px\" \/>\t\t\t\t\t\t\t<div class=\"content-block-hover gallery_link-1\">\r\n\t\t\t\t\t\t\t\t<a class=\"searchbtn\" href=\"#\"><i class=\"fa fa-search\" aria-hidden=\"true\"><\/i><\/a>\r\n\t\t\t\t\t\t\t\t<h5>Session d&#8217;\u00e9t\u00e9<\/h5>\t\t\t\t\t\t\t<\/div>\r\n\t\t\t\t\t\t\t<div class=\"galleryview-1\">\r\n\t\t\t\t\t\t\t\t<a href=\"https:\/\/centreest.ca\/accueil\/wp-content\/uploads\/2017\/09\/D___6741.jpg\"><\/a>\r\n\t\t\t\t\t\t\t\t\t\t\t\t\t\t\t\t\t\t<a href=\"https:\/\/centreest.ca\/accueil\/wp-content\/uploads\/2017\/09\/D___7654.jpg\" title=\"This is the caption\"><\/a>\r\n\t\t\t\t\t\t\t\t\t\t\t\t\t\t\t\t\t\t\t\t<a href=\"https:\/\/centreest.ca\/accueil\/wp-content\/uploads\/2017\/09\/D___7650.jpg\" title=\"This is the caption\"><\/a>\r\n\t\t\t\t\t\t\t\t\t\t\t\t\t\t\t\t\t\t\t\t<a href=\"https:\/\/centreest.ca\/accueil\/wp-content\/uploads\/2017\/09\/D___7605.jpg\" title=\"This is the caption\"><\/a>\r\n\t\t\t\t\t\t\t\t\t\t\t\t\t\t\t\t\t\t\t\t<a href=\"https:\/\/centreest.ca\/accueil\/wp-content\/uploads\/2017\/09\/D___7334.jpg\" title=\"This is the caption\"><\/a>\r\n\t\t\t\t\t\t\t\t\t\t\t\t\t\t\t\t\t\t\t\t<a href=\"https:\/\/centreest.ca\/accueil\/wp-content\/uploads\/2017\/09\/D___7070.jpg\" title=\"This is the caption\"><\/a>\r\n\t\t\t\t\t\t\t\t\t\t\t\t\t\t\t\t\t\t\t\t<a href=\"https:\/\/centreest.ca\/accueil\/wp-content\/uploads\/2017\/09\/D___7059.jpg\" title=\"This is the caption\"><\/a>\r\n\t\t\t\t\t\t\t\t\t\t\t\t\t\t\t\t\t\t\t\t<a href=\"https:\/\/centreest.ca\/accueil\/wp-content\/uploads\/2017\/09\/D___6918.jpg\" title=\"This is the caption\"><\/a>\r\n\t\t\t\t\t\t\t\t\t\t\t\t\t\t\t\t\t\t\t\t<a href=\"https:\/\/centreest.ca\/accueil\/wp-content\/uploads\/2017\/09\/D___6862.jpg\" title=\"This is the caption\"><\/a>\r\n\t\t\t\t\t\t\t\t\t\t\t\t\t\t\t\t\t\t\t\t<a href=\"https:\/\/centreest.ca\/accueil\/wp-content\/uploads\/2017\/09\/D___6853.jpg\" title=\"This is the caption\"><\/a>\r\n\t\t\t\t\t\t\t\t\t\t\t\t\t\t\t\t\t\t\t\t<a href=\"https:\/\/centreest.ca\/accueil\/wp-content\/uploads\/2017\/09\/D___6834.jpg\" title=\"This is the caption\"><\/a>\r\n\t\t\t\t\t\t\t\t\t\t\t\t\t\t\t\t\t\t\t\t<a href=\"https:\/\/centreest.ca\/accueil\/wp-content\/uploads\/2017\/09\/D___6827.jpg\" title=\"This is the caption\"><\/a>\r\n\t\t\t\t\t\t\t\t\t\t\t\t\t\t\t\t\t\t\t\t<a href=\"https:\/\/centreest.ca\/accueil\/wp-content\/uploads\/2017\/09\/D___6754.jpg\" title=\"This is the caption\"><\/a>\r\n\t\t\t\t\t\t\t\t\t\t\t\t\t\t\t\t\t\t\t\t<a href=\"https:\/\/centreest.ca\/accueil\/wp-content\/uploads\/2017\/09\/D___6741.jpg\" title=\"This is the caption\"><\/a>\r\n\t\t\t\t\t\t\t\t\t\t\t\t\t\t\t\t\t\t\t\t<a href=\"https:\/\/centreest.ca\/accueil\/wp-content\/uploads\/2017\/09\/D___6704.jpg\" title=\"This is the caption\"><\/a>\r\n\t\t\t\t\t\t\t\t\t\t\t\t\t\t\t\t\t\t\t\t<a href=\"https:\/\/centreest.ca\/accueil\/wp-content\/uploads\/2017\/09\/D___6665.jpg\" title=\"This is the caption\"><\/a>\r\n\t\t\t\t\t\t\t\t\t\t\t\t\t\t\t\t\t\t\t\t<a href=\"https:\/\/centreest.ca\/accueil\/wp-content\/uploads\/2017\/09\/D___6638.jpg\" title=\"This is the caption\"><\/a>\r\n\t\t\t\t\t\t\t\t\t\t\t\t\t\t\t\t\t\t\t\t<a href=\"https:\/\/centreest.ca\/accueil\/wp-content\/uploads\/2017\/09\/D___6625.jpg\" title=\"This is the caption\"><\/a>\r\n\t\t\t\t\t\t\t\t\t\t\t\t\t\t\t\t\t\t\t\t<a href=\"https:\/\/centreest.ca\/accueil\/wp-content\/uploads\/2017\/09\/D___6603.jpg\" title=\"This is the caption\"><\/a>\r\n\t\t\t\t\t\t\t\t\t\t\t\t\t\t\t\t\t\t\t\t<a href=\"https:\/\/centreest.ca\/accueil\/wp-content\/uploads\/2017\/09\/D___6567.jpg\" title=\"This is the caption\"><\/a>\r\n\t\t\t\t\t\t\t\t\t\t\t\t\t\t\t\t\t<\/div>\r\n\t\t\t\t\t\t<\/div>\r\n\t\t\t\t\t<\/li>\r\n\t\t\t\t\t\t\t\t\t\t<li class=\"col-md-4 col-sm-6 col-xs-6 no-padding activit\u00e9s\">\r\n\r\n\t\t\t\t\t\t<div class=\"content-image-block\">\r\n\t\t\t\t\t\t\t<img loading=\"lazy\" decoding=\"async\" width=\"400\" height=\"400\" src=\"https:\/\/centreest.ca\/accueil\/wp-content\/uploads\/2017\/09\/D___7519-400x400.jpg\" class=\"attachment-enginerrs-400-400 size-enginerrs-400-400 wp-post-image\" alt=\"\" srcset=\"https:\/\/centreest.ca\/accueil\/wp-content\/uploads\/2017\/09\/D___7519-400x400.jpg 400w, https:\/\/centreest.ca\/accueil\/wp-content\/uploads\/2017\/09\/D___7519-150x150.jpg 150w, https:\/\/centreest.ca\/accueil\/wp-content\/uploads\/2017\/09\/D___7519-102x102.jpg 102w, https:\/\/centreest.ca\/accueil\/wp-content\/uploads\/2017\/09\/D___7519-264x264.jpg 264w\" sizes=\"auto, (max-width: 400px) 100vw, 400px\" \/>\t\t\t\t\t\t\t<div class=\"content-block-hover gallery_link-2\">\r\n\t\t\t\t\t\t\t\t<a class=\"searchbtn\" href=\"#\"><i class=\"fa fa-search\" aria-hidden=\"true\"><\/i><\/a>\r\n\t\t\t\t\t\t\t\t<h5>Graduation<\/h5>\t\t\t\t\t\t\t<\/div>\r\n\t\t\t\t\t\t\t<div class=\"galleryview-2\">\r\n\t\t\t\t\t\t\t\t<a href=\"https:\/\/centreest.ca\/accueil\/wp-content\/uploads\/2017\/09\/D___7519.jpg\"><\/a>\r\n\t\t\t\t\t\t\t\t\t\t\t\t\t\t\t\t\t\t<a href=\"https:\/\/centreest.ca\/accueil\/wp-content\/uploads\/2017\/09\/D___7527.jpg\" title=\"This is the caption\"><\/a>\r\n\t\t\t\t\t\t\t\t\t\t\t\t\t\t\t\t\t\t\t\t<a href=\"https:\/\/centreest.ca\/accueil\/wp-content\/uploads\/2017\/09\/D___7519.jpg\" title=\"This is the caption\"><\/a>\r\n\t\t\t\t\t\t\t\t\t\t\t\t\t\t\t\t\t\t\t\t<a href=\"https:\/\/centreest.ca\/accueil\/wp-content\/uploads\/2017\/09\/D___7444.jpg\" title=\"This is the caption\"><\/a>\r\n\t\t\t\t\t\t\t\t\t\t\t\t\t\t\t\t\t<\/div>\r\n\t\t\t\t\t\t<\/div>\r\n\t\t\t\t\t<\/li>\r\n\t\t\t\t\t\t\t\t\t\t<li class=\"col-md-4 col-sm-6 col-xs-6 no-padding \">\r\n\r\n\t\t\t\t\t\t<div class=\"content-image-block\">\r\n\t\t\t\t\t\t\t<img loading=\"lazy\" decoding=\"async\" width=\"400\" height=\"400\" src=\"https:\/\/centreest.ca\/accueil\/wp-content\/uploads\/2017\/05\/1C1A7267-400x400.jpg\" class=\"attachment-enginerrs-400-400 size-enginerrs-400-400 wp-post-image\" alt=\"\" srcset=\"https:\/\/centreest.ca\/accueil\/wp-content\/uploads\/2017\/05\/1C1A7267-400x400.jpg 400w, https:\/\/centreest.ca\/accueil\/wp-content\/uploads\/2017\/05\/1C1A7267-150x150.jpg 150w, https:\/\/centreest.ca\/accueil\/wp-content\/uploads\/2017\/05\/1C1A7267-102x102.jpg 102w, https:\/\/centreest.ca\/accueil\/wp-content\/uploads\/2017\/05\/1C1A7267-264x264.jpg 264w\" sizes=\"auto, (max-width: 400px) 100vw, 400px\" \/>\t\t\t\t\t\t\t<div class=\"content-block-hover gallery_link-3\">\r\n\t\t\t\t\t\t\t\t<a class=\"searchbtn\" href=\"#\"><i class=\"fa fa-search\" aria-hidden=\"true\"><\/i><\/a>\r\n\t\t\t\t\t\t\t\t<h5>Session de bricolage<\/h5>\t\t\t\t\t\t\t<\/div>\r\n\t\t\t\t\t\t\t<div class=\"galleryview-3\">\r\n\t\t\t\t\t\t\t\t<a href=\"https:\/\/centreest.ca\/accueil\/wp-content\/uploads\/2017\/05\/1C1A7267.jpg\"><\/a>\r\n\t\t\t\t\t\t\t\t\t\t\t\t\t\t\t\t\t\t<a href=\"https:\/\/centreest.ca\/accueil\/wp-content\/uploads\/2017\/05\/1C1A7326.jpg\" title=\"This is the caption\"><\/a>\r\n\t\t\t\t\t\t\t\t\t\t\t\t\t\t\t\t\t\t\t\t<a href=\"https:\/\/centreest.ca\/accueil\/wp-content\/uploads\/2017\/05\/1C1A7319.jpg\" title=\"This is the caption\"><\/a>\r\n\t\t\t\t\t\t\t\t\t\t\t\t\t\t\t\t\t\t\t\t<a href=\"https:\/\/centreest.ca\/accueil\/wp-content\/uploads\/2017\/05\/1C1A7317.jpg\" title=\"This is the caption\"><\/a>\r\n\t\t\t\t\t\t\t\t\t\t\t\t\t\t\t\t\t\t\t\t<a href=\"https:\/\/centreest.ca\/accueil\/wp-content\/uploads\/2017\/05\/1C1A7292.jpg\" title=\"This is the caption\"><\/a>\r\n\t\t\t\t\t\t\t\t\t\t\t\t\t\t\t\t\t\t\t\t<a href=\"https:\/\/centreest.ca\/accueil\/wp-content\/uploads\/2017\/05\/1C1A7291.jpg\" title=\"This is the caption\"><\/a>\r\n\t\t\t\t\t\t\t\t\t\t\t\t\t\t\t\t\t\t\t\t<a href=\"https:\/\/centreest.ca\/accueil\/wp-content\/uploads\/2017\/05\/1C1A7285.jpg\" title=\"This is the caption\"><\/a>\r\n\t\t\t\t\t\t\t\t\t\t\t\t\t\t\t\t\t\t\t\t<a href=\"https:\/\/centreest.ca\/accueil\/wp-content\/uploads\/2017\/05\/1C1A7282.jpg\" title=\"This is the caption\"><\/a>\r\n\t\t\t\t\t\t\t\t\t\t\t\t\t\t\t\t\t\t\t\t<a href=\"https:\/\/centreest.ca\/accueil\/wp-content\/uploads\/2017\/05\/1C1A7277.jpg\" title=\"This is the caption\"><\/a>\r\n\t\t\t\t\t\t\t\t\t\t\t\t\t\t\t\t\t\t\t\t<a href=\"https:\/\/centreest.ca\/accueil\/wp-content\/uploads\/2017\/05\/1C1A7268.jpg\" title=\"This is the caption\"><\/a>\r\n\t\t\t\t\t\t\t\t\t\t\t\t\t\t\t\t\t\t\t\t<a href=\"https:\/\/centreest.ca\/accueil\/wp-content\/uploads\/2017\/05\/1C1A7259.jpg\" title=\"This is the caption\"><\/a>\r\n\t\t\t\t\t\t\t\t\t\t\t\t\t\t\t\t\t\t\t\t<a href=\"https:\/\/centreest.ca\/accueil\/wp-content\/uploads\/2017\/05\/1C1A7258.jpg\" title=\"This is the caption\"><\/a>\r\n\t\t\t\t\t\t\t\t\t\t\t\t\t\t\t\t\t\t\t\t<a href=\"https:\/\/centreest.ca\/accueil\/wp-content\/uploads\/2017\/05\/1C1A7243.jpg\" title=\"This is the caption\"><\/a>\r\n\t\t\t\t\t\t\t\t\t\t\t\t\t\t\t\t\t\t\t\t<a href=\"https:\/\/centreest.ca\/accueil\/wp-content\/uploads\/2017\/05\/1C1A7233.jpg\" title=\"This is the caption\"><\/a>\r\n\t\t\t\t\t\t\t\t\t\t\t\t\t\t\t\t\t\t\t\t<a href=\"https:\/\/centreest.ca\/accueil\/wp-content\/uploads\/2017\/05\/1C1A7228.jpg\" title=\"This is the caption\"><\/a>\r\n\t\t\t\t\t\t\t\t\t\t\t\t\t\t\t\t\t\t\t\t<a href=\"https:\/\/centreest.ca\/accueil\/wp-content\/uploads\/2017\/05\/1C1A7219.jpg\" title=\"This is the caption\"><\/a>\r\n\t\t\t\t\t\t\t\t\t\t\t\t\t\t\t\t\t\t\t\t<a href=\"https:\/\/centreest.ca\/accueil\/wp-content\/uploads\/2017\/05\/1C1A7208.jpg\" title=\"This is the caption\"><\/a>\r\n\t\t\t\t\t\t\t\t\t\t\t\t\t\t\t\t\t\t\t\t<a href=\"https:\/\/centreest.ca\/accueil\/wp-content\/uploads\/2017\/05\/1C1A7195.jpg\" title=\"This is the caption\"><\/a>\r\n\t\t\t\t\t\t\t\t\t\t\t\t\t\t\t\t\t\t\t\t<a href=\"https:\/\/centreest.ca\/accueil\/wp-content\/uploads\/2017\/05\/1C1A7192.jpg\" title=\"This is the caption\"><\/a>\r\n\t\t\t\t\t\t\t\t\t\t\t\t\t\t\t\t\t\t\t\t<a href=\"https:\/\/centreest.ca\/accueil\/wp-content\/uploads\/2017\/05\/1C1A7181.jpg\" title=\"This is the caption\"><\/a>\r\n\t\t\t\t\t\t\t\t\t\t\t\t\t\t\t\t\t\t\t\t<a href=\"https:\/\/centreest.ca\/accueil\/wp-content\/uploads\/2017\/05\/1C1A7170.jpg\" title=\"This is the caption\"><\/a>\r\n\t\t\t\t\t\t\t\t\t\t\t\t\t\t\t\t\t\t\t\t<a href=\"https:\/\/centreest.ca\/accueil\/wp-content\/uploads\/2017\/05\/1C1A7148.jpg\" title=\"This is the caption\"><\/a>\r\n\t\t\t\t\t\t\t\t\t\t\t\t\t\t\t\t\t\t\t\t<a href=\"https:\/\/centreest.ca\/accueil\/wp-content\/uploads\/2017\/05\/1C1A7214.jpg\" title=\"This is the caption\"><\/a>\r\n\t\t\t\t\t\t\t\t\t\t\t\t\t\t\t\t\t\t\t\t<a href=\"https:\/\/centreest.ca\/accueil\/wp-content\/uploads\/2017\/05\/1C1A7304.jpg\" title=\"This is the caption\"><\/a>\r\n\t\t\t\t\t\t\t\t\t\t\t\t\t\t\t\t\t<\/div>\r\n\t\t\t\t\t\t<\/div>\r\n\t\t\t\t\t<\/li>\r\n\t\t\t\t\t\t\t\t\t\t<li class=\"col-md-4 col-sm-6 col-xs-6 no-padding activit\u00e9s\">\r\n\r\n\t\t\t\t\t\t<div class=\"content-image-block\">\r\n\t\t\t\t\t\t\t<img loading=\"lazy\" decoding=\"async\" width=\"400\" height=\"400\" src=\"https:\/\/centreest.ca\/accueil\/wp-content\/uploads\/2017\/03\/1C1A7746-400x400.jpg\" class=\"attachment-enginerrs-400-400 size-enginerrs-400-400 wp-post-image\" alt=\"\" srcset=\"https:\/\/centreest.ca\/accueil\/wp-content\/uploads\/2017\/03\/1C1A7746-400x400.jpg 400w, https:\/\/centreest.ca\/accueil\/wp-content\/uploads\/2017\/03\/1C1A7746-150x150.jpg 150w, https:\/\/centreest.ca\/accueil\/wp-content\/uploads\/2017\/03\/1C1A7746-102x102.jpg 102w, https:\/\/centreest.ca\/accueil\/wp-content\/uploads\/2017\/03\/1C1A7746-264x264.jpg 264w\" sizes=\"auto, (max-width: 400px) 100vw, 400px\" \/>\t\t\t\t\t\t\t<div class=\"content-block-hover gallery_link-4\">\r\n\t\t\t\t\t\t\t\t<a class=\"searchbtn\" href=\"#\"><i class=\"fa fa-search\" aria-hidden=\"true\"><\/i><\/a>\r\n\t\t\t\t\t\t\t\t<h5>Session de bricolage<\/h5>\t\t\t\t\t\t\t<\/div>\r\n\t\t\t\t\t\t\t<div class=\"galleryview-4\">\r\n\t\t\t\t\t\t\t\t<a href=\"https:\/\/centreest.ca\/accueil\/wp-content\/uploads\/2017\/03\/1C1A7746.jpg\"><\/a>\r\n\t\t\t\t\t\t\t\t\t\t\t\t\t\t\t\t\t\t<a href=\"https:\/\/centreest.ca\/accueil\/wp-content\/uploads\/2017\/05\/1C1A7148.jpg\" title=\"This is the caption\"><\/a>\r\n\t\t\t\t\t\t\t\t\t\t\t\t\t\t\t\t\t\t\t\t<a href=\"https:\/\/centreest.ca\/accueil\/wp-content\/uploads\/2017\/05\/1C1A7170.jpg\" title=\"This is the caption\"><\/a>\r\n\t\t\t\t\t\t\t\t\t\t\t\t\t\t\t\t\t\t\t\t<a href=\"https:\/\/centreest.ca\/accueil\/wp-content\/uploads\/2017\/05\/1C1A7181.jpg\" title=\"This is the caption\"><\/a>\r\n\t\t\t\t\t\t\t\t\t\t\t\t\t\t\t\t\t\t\t\t<a href=\"https:\/\/centreest.ca\/accueil\/wp-content\/uploads\/2017\/05\/1C1A7192.jpg\" title=\"This is the caption\"><\/a>\r\n\t\t\t\t\t\t\t\t\t\t\t\t\t\t\t\t\t\t\t\t<a href=\"https:\/\/centreest.ca\/accueil\/wp-content\/uploads\/2017\/05\/1C1A7194.jpg\" title=\"This is the caption\"><\/a>\r\n\t\t\t\t\t\t\t\t\t\t\t\t\t\t\t\t\t\t\t\t<a href=\"https:\/\/centreest.ca\/accueil\/wp-content\/uploads\/2017\/05\/1C1A7208.jpg\" title=\"This is the caption\"><\/a>\r\n\t\t\t\t\t\t\t\t\t\t\t\t\t\t\t\t\t\t\t\t<a href=\"https:\/\/centreest.ca\/accueil\/wp-content\/uploads\/2017\/05\/1C1A7214.jpg\" title=\"This is the caption\"><\/a>\r\n\t\t\t\t\t\t\t\t\t\t\t\t\t\t\t\t\t\t\t\t<a href=\"https:\/\/centreest.ca\/accueil\/wp-content\/uploads\/2017\/05\/1C1A7219.jpg\" title=\"This is the caption\"><\/a>\r\n\t\t\t\t\t\t\t\t\t\t\t\t\t\t\t\t\t\t\t\t<a href=\"https:\/\/centreest.ca\/accueil\/wp-content\/uploads\/2017\/05\/1C1A7228.jpg\" title=\"This is the caption\"><\/a>\r\n\t\t\t\t\t\t\t\t\t\t\t\t\t\t\t\t\t\t\t\t<a href=\"https:\/\/centreest.ca\/accueil\/wp-content\/uploads\/2017\/05\/1C1A7233.jpg\" title=\"This is the caption\"><\/a>\r\n\t\t\t\t\t\t\t\t\t\t\t\t\t\t\t\t\t\t\t\t<a href=\"https:\/\/centreest.ca\/accueil\/wp-content\/uploads\/2017\/05\/1C1A7245.jpg\" title=\"This is the caption\"><\/a>\r\n\t\t\t\t\t\t\t\t\t\t\t\t\t\t\t\t\t\t\t\t<a href=\"https:\/\/centreest.ca\/accueil\/wp-content\/uploads\/2017\/05\/1C1A7259.jpg\" title=\"This is the caption\"><\/a>\r\n\t\t\t\t\t\t\t\t\t\t\t\t\t\t\t\t\t\t\t\t<a href=\"https:\/\/centreest.ca\/accueil\/wp-content\/uploads\/2017\/05\/1C1A7269.jpg\" title=\"This is the caption\"><\/a>\r\n\t\t\t\t\t\t\t\t\t\t\t\t\t\t\t\t\t\t\t\t<a href=\"https:\/\/centreest.ca\/accueil\/wp-content\/uploads\/2017\/05\/1C1A7279.jpg\" title=\"This is the caption\"><\/a>\r\n\t\t\t\t\t\t\t\t\t\t\t\t\t\t\t\t\t\t\t\t<a href=\"https:\/\/centreest.ca\/accueil\/wp-content\/uploads\/2017\/05\/1C1A7282.jpg\" title=\"This is the caption\"><\/a>\r\n\t\t\t\t\t\t\t\t\t\t\t\t\t\t\t\t\t\t\t\t<a href=\"https:\/\/centreest.ca\/accueil\/wp-content\/uploads\/2017\/05\/1C1A7285.jpg\" title=\"This is the caption\"><\/a>\r\n\t\t\t\t\t\t\t\t\t\t\t\t\t\t\t\t\t\t\t\t<a href=\"https:\/\/centreest.ca\/accueil\/wp-content\/uploads\/2017\/05\/1C1A7291.jpg\" title=\"This is the caption\"><\/a>\r\n\t\t\t\t\t\t\t\t\t\t\t\t\t\t\t\t\t\t\t\t<a href=\"https:\/\/centreest.ca\/accueil\/wp-content\/uploads\/2017\/05\/1C1A7292.jpg\" title=\"This is the caption\"><\/a>\r\n\t\t\t\t\t\t\t\t\t\t\t\t\t\t\t\t\t\t\t\t<a href=\"https:\/\/centreest.ca\/accueil\/wp-content\/uploads\/2017\/05\/1C1A7304.jpg\" title=\"This is the caption\"><\/a>\r\n\t\t\t\t\t\t\t\t\t\t\t\t\t\t\t\t\t\t\t\t<a href=\"https:\/\/centreest.ca\/accueil\/wp-content\/uploads\/2017\/05\/1C1A7317.jpg\" title=\"This is the caption\"><\/a>\r\n\t\t\t\t\t\t\t\t\t\t\t\t\t\t\t\t\t\t\t\t<a href=\"https:\/\/centreest.ca\/accueil\/wp-content\/uploads\/2017\/05\/1C1A7326.jpg\" title=\"This is the caption\"><\/a>\r\n\t\t\t\t\t\t\t\t\t\t\t\t\t\t\t\t\t<\/div>\r\n\t\t\t\t\t\t<\/div>\r\n\t\t\t\t\t<\/li>\r\n\t\t\t\t\t\t\t\t\t\t<li class=\"col-md-4 col-sm-6 col-xs-6 no-padding activit\u00e9s\">\r\n\r\n\t\t\t\t\t\t<div class=\"content-image-block\">\r\n\t\t\t\t\t\t\t<img loading=\"lazy\" decoding=\"async\" width=\"400\" height=\"400\" src=\"https:\/\/centreest.ca\/accueil\/wp-content\/uploads\/2017\/09\/1C1A7353-400x400.jpg\" class=\"attachment-enginerrs-400-400 size-enginerrs-400-400 wp-post-image\" alt=\"\" srcset=\"https:\/\/centreest.ca\/accueil\/wp-content\/uploads\/2017\/09\/1C1A7353-400x400.jpg 400w, https:\/\/centreest.ca\/accueil\/wp-content\/uploads\/2017\/09\/1C1A7353-150x150.jpg 150w, https:\/\/centreest.ca\/accueil\/wp-content\/uploads\/2017\/09\/1C1A7353-102x102.jpg 102w, https:\/\/centreest.ca\/accueil\/wp-content\/uploads\/2017\/09\/1C1A7353-264x264.jpg 264w\" sizes=\"auto, (max-width: 400px) 100vw, 400px\" \/>\t\t\t\t\t\t\t<div class=\"content-block-hover gallery_link-5\">\r\n\t\t\t\t\t\t\t\t<a class=\"searchbtn\" href=\"#\"><i class=\"fa fa-search\" aria-hidden=\"true\"><\/i><\/a>\r\n\t\t\t\t\t\t\t\t<h5>Transport scolaire<\/h5>\t\t\t\t\t\t\t<\/div>\r\n\t\t\t\t\t\t\t<div class=\"galleryview-5\">\r\n\t\t\t\t\t\t\t\t<a href=\"https:\/\/centreest.ca\/accueil\/wp-content\/uploads\/2017\/09\/1C1A7353.jpg\"><\/a>\r\n\t\t\t\t\t\t\t\t\t\t\t\t\t\t\t\t\t\t<a href=\"https:\/\/centreest.ca\/accueil\/wp-content\/uploads\/2017\/09\/1C1A8811.jpg\" title=\"This is the caption\"><\/a>\r\n\t\t\t\t\t\t\t\t\t\t\t\t\t\t\t\t\t\t\t\t<a href=\"https:\/\/centreest.ca\/accueil\/wp-content\/uploads\/2017\/09\/1C1A8817.jpg\" title=\"This is the caption\"><\/a>\r\n\t\t\t\t\t\t\t\t\t\t\t\t\t\t\t\t\t\t\t\t<a href=\"https:\/\/centreest.ca\/accueil\/wp-content\/uploads\/2017\/09\/1C1A8821.jpg\" title=\"This is the caption\"><\/a>\r\n\t\t\t\t\t\t\t\t\t\t\t\t\t\t\t\t\t<\/div>\r\n\t\t\t\t\t\t<\/div>\r\n\t\t\t\t\t<\/li>\r\n\t\t\t\t\t\t\t\t\t\t<li class=\"col-md-4 col-sm-6 col-xs-6 no-padding enseignants\">\r\n\r\n\t\t\t\t\t\t<div class=\"content-image-block\">\r\n\t\t\t\t\t\t\t<img loading=\"lazy\" decoding=\"async\" width=\"400\" height=\"400\" src=\"https:\/\/centreest.ca\/accueil\/wp-content\/uploads\/2017\/05\/1C1A6547-400x400.jpg\" class=\"attachment-enginerrs-400-400 size-enginerrs-400-400 wp-post-image\" alt=\"\" srcset=\"https:\/\/centreest.ca\/accueil\/wp-content\/uploads\/2017\/05\/1C1A6547-400x400.jpg 400w, https:\/\/centreest.ca\/accueil\/wp-content\/uploads\/2017\/05\/1C1A6547-150x150.jpg 150w, https:\/\/centreest.ca\/accueil\/wp-content\/uploads\/2017\/05\/1C1A6547-102x102.jpg 102w, https:\/\/centreest.ca\/accueil\/wp-content\/uploads\/2017\/05\/1C1A6547-264x264.jpg 264w\" sizes=\"auto, (max-width: 400px) 100vw, 400px\" \/>\t\t\t\t\t\t\t<div class=\"content-block-hover gallery_link-6\">\r\n\t\t\t\t\t\t\t\t<a class=\"searchbtn\" href=\"#\"><i class=\"fa fa-search\" aria-hidden=\"true\"><\/i><\/a>\r\n\t\t\t\t\t\t\t\t<h5>Aide aux \u00e9l\u00e8ves<\/h5>\t\t\t\t\t\t\t<\/div>\r\n\t\t\t\t\t\t\t<div class=\"galleryview-6\">\r\n\t\t\t\t\t\t\t\t<a href=\"https:\/\/centreest.ca\/accueil\/wp-content\/uploads\/2017\/05\/1C1A6547.jpg\"><\/a>\r\n\t\t\t\t\t\t\t\t\t\t\t\t\t\t\t\t\t\t<a href=\"https:\/\/centreest.ca\/accueil\/wp-content\/uploads\/2017\/05\/1C1A8353.jpg\" title=\"This is the caption\"><\/a>\r\n\t\t\t\t\t\t\t\t\t\t\t\t\t\t\t\t\t\t\t\t<a href=\"https:\/\/centreest.ca\/accueil\/wp-content\/uploads\/2017\/05\/1C1A8875.jpg\" title=\"This is the caption\"><\/a>\r\n\t\t\t\t\t\t\t\t\t\t\t\t\t\t\t\t\t\t\t\t<a href=\"https:\/\/centreest.ca\/accueil\/wp-content\/uploads\/2017\/05\/1C1A8279.jpg\" title=\"This is the caption\"><\/a>\r\n\t\t\t\t\t\t\t\t\t\t\t\t\t\t\t\t\t\t\t\t<a href=\"https:\/\/centreest.ca\/accueil\/wp-content\/uploads\/2017\/05\/1C1A6547.jpg\" title=\"This is the caption\"><\/a>\r\n\t\t\t\t\t\t\t\t\t\t\t\t\t\t\t\t\t\t\t\t<a href=\"https:\/\/centreest.ca\/accueil\/wp-content\/uploads\/2017\/09\/1C1A7389.jpg\" title=\"This is the caption\"><\/a>\r\n\t\t\t\t\t\t\t\t\t\t\t\t\t\t\t\t\t<\/div>\r\n\t\t\t\t\t\t<\/div>\r\n\t\t\t\t\t<\/li>\r\n\t\t\t\t\t\t\t\t\t<li>\r\n\t\t\t\t\t\n\t<nav class=\"navigation pagination\" aria-label=\"Pagination des publications\">\n\t\t<h2 class=\"screen-reader-text\">Pagination des publications<\/h2>\n\t\t<div class=\"nav-links\"><span aria-current=\"page\" class=\"page-numbers current\"><span class=\"meta-nav screen-reader-text\">Page <\/span>1<\/span>\n<a class=\"page-numbers\" href=\"https:\/\/centreest.ca\/accueil\/wp-json\/wp\/v2\/pages\/456\/page\/2\/\"><span class=\"meta-nav screen-reader-text\">Page <\/span>2<\/a>\n<a class=\"next page-numbers\" href=\"https:\/\/centreest.ca\/accueil\/wp-json\/wp\/v2\/pages\/456\/page\/2\/\"><i class=\"fa fa-angle-right\"><\/i><\/a><\/div>\n\t<\/nav>\t\t\t\t<\/li>\r\n\t\t\t\t\t\t\t<\/ul>\r\n\t\t<\/div>\r\n\t<\/div><!-- Gallery Section \/- -->\r\n\t[vc_column_text]<strong>Si vous poss\u00e9dez de grandes aspirations et que vous voyez grand pour l\u2019\u00e9ducation francophone, choisissez le CSCE pour b\u00e2tir une carri\u00e8re \u00e0 la hauteur de vos r\u00eaves!<\/strong><\/p>\n<p><strong>Travailler au sein du CSCE c\u2019est avoir la chance de :<\/strong><\/p>\n<ul>\n<li>Se joindre \u00e0 une \u00e9quipe\u00a0 dynamique et \u00e0 une\u00a0organisation de coeur;<\/li>\n<li>B\u00e9n\u00e9ficier de\u00a0perspectives de carri\u00e8re qui\u00a0surpasseront vos plus grands souhaits;<\/li>\n<li>Se\u00a0rallier \u00e0 une m\u00eame mission\u00a0o\u00f9 les valeurs de d\u00e9vouement, de collaboration, d\u2019empathie et de respect coexistent;<\/li>\n<li>Livrer votre savoir\u00a0dans un climat \u00e0 caract\u00e8re familial\u00a0o\u00f9 l\u2019\u00e9l\u00e8ve est au coeur de notre raison d\u2019\u00eatre;<\/li>\n<li>\u00c9voluer dans un\u00a0environnement sain\u00a0o\u00f9 les\u00a0approches avant-gardistes sont pr\u00e9conis\u00e9es;<\/li>\n<li>De viser haut tout en misant sur un\u00a0d\u00e9veloppement professionnel continu;<\/li>\n<li>Concilier votre\u00a0vie professionnelle\u00a0et votre\u00a0vie personnelle;<\/li>\n<li>Transmettre vos comp\u00e9tences et vos passions en\u00a0misant sur la r\u00e9ussite commune;<\/li>\n<li>Partager vos plus grands talents au plus grand b\u00e9n\u00e9fice de nos \u00e9l\u00e8ves et de nos communaut\u00e9s scolaires\u00a0;<\/li>\n<li>Enseigner dans un\u00a0environnement innovateur\u00a0\u00e0 la\u00a0fine pointe de la technologie\u00a0en valorisant\u00a0une \u00e9ducation de haute qualit\u00e9;<\/li>\n<li>Inculquer l\u2019\u00e9change des savoirs\u00a0afin que nos \u00e9l\u00e8ves deviennent des apprenants engag\u00e9s dans le monde de demain;<\/li>\n<li>\u00catre un acteur important\u00a0dans le cheminement acad\u00e9mique et dans la vie personnelle de nos \u00e9l\u00e8ves;<\/li>\n<li>Et, au final, vous aurez la chance de travailler dans un univers purement francophone\u00a0o\u00f9 vous vivrez une francophonie diversifi\u00e9e, dynamique et surtout qui regorge d\u2019ambitions!<\/li>\n<\/ul>\n<p>[\/vc_column_text][vc_empty_space][\/vc_column][\/vc_row]<\/p>\n<\/div>","protected":false},"excerpt":{"rendered":"<p>[vc_row][vc_column width=&#8221;1\/4&#8243;][vc_wp_custommenu nav_menu=&#8221;101&#8243;][\/vc_column][vc_column width=&#8221;3\/4&#8243;][vc_column_text]Si vous poss\u00e9dez de grandes aspirations et que vous voyez grand pour l\u2019\u00e9ducation francophone, choisissez le CSCE pour b\u00e2tir une carri\u00e8re \u00e0 la hauteur de vos r\u00eaves! [&hellip;]<\/p>\n","protected":false},"author":1,"featured_media":0,"parent":454,"menu_order":0,"comment_status":"closed","ping_status":"closed","template":"","meta":{"footnotes":""},"class_list":["post-456","page","type-page","status-publish","hentry","has-post-thumbnail"],"_links":{"self":[{"href":"https:\/\/centreest.ca\/accueil\/wp-json\/wp\/v2\/pages\/456","targetHints":{"allow":["GET"]}}],"collection":[{"href":"https:\/\/centreest.ca\/accueil\/wp-json\/wp\/v2\/pages"}],"about":[{"href":"https:\/\/centreest.ca\/accueil\/wp-json\/wp\/v2\/types\/page"}],"author":[{"embeddable":true,"href":"https:\/\/centreest.ca\/accueil\/wp-json\/wp\/v2\/users\/1"}],"replies":[{"embeddable":true,"href":"https:\/\/centreest.ca\/accueil\/wp-json\/wp\/v2\/comments?post=456"}],"version-history":[{"count":6,"href":"https:\/\/centreest.ca\/accueil\/wp-json\/wp\/v2\/pages\/456\/revisions"}],"predecessor-version":[{"id":1150,"href":"https:\/\/centreest.ca\/accueil\/wp-json\/wp\/v2\/pages\/456\/revisions\/1150"}],"up":[{"embeddable":true,"href":"https:\/\/centreest.ca\/accueil\/wp-json\/wp\/v2\/pages\/454"}],"wp:attachment":[{"href":"https:\/\/centreest.ca\/accueil\/wp-json\/wp\/v2\/media?parent=456"}],"curies":[{"name":"wp","href":"https:\/\/api.w.org\/{rel}","templated":true}]}}