{"id":165,"date":"2016-09-21T17:27:36","date_gmt":"2016-09-21T17:27:36","guid":{"rendered":"http:\/\/onistaweb.com\/demo\/wp\/csce\/?page_id=165&#038;lang=fr"},"modified":"2021-04-07T06:23:37","modified_gmt":"2021-04-07T12:23:37","slug":"le-csce","status":"publish","type":"page","link":"https:\/\/centreest.ca\/accueil\/le-csce\/","title":{"rendered":"Le CSCE"},"content":{"rendered":"<div class=\"wpb-content-wrapper\"><p>[vc_row css=&#8221;.vc_custom_1474478791650{margin-right: 0px !important;margin-left: 0px !important;}&#8221;][vc_column][vc_column_text]<\/p>\n<p class=\"sectionIntro\">UN BREF HISTORIQUE DE NOTRE CONSEIL SCOLAIRE.<\/p>\n<ul>\n<li><strong>1982:<\/strong> L\u2019Article 23 de la Charte canadienne des droits et libert\u00e9s reconna\u00eet le droit aux francophones vivant en milieu minoritaire le droit de faire instruire leurs enfants dans des \u00e9tablissements publics de langue fran\u00e7aise aux niveaux primaire et secondaire;<\/li>\n<li><strong>Mars 1990:<\/strong> Un jugement de la Cour supr\u00eame (Cause Mah\u00e9) reconna\u00eet le droit aux membres de la minorit\u00e9 de langue fran\u00e7aise de g\u00e9rer l\u2019\u00e9ducation de leurs enfants;<\/li>\n<li><strong>Septembre 1990:<\/strong> Ouverture de l\u2019\u00c9cole du Sommet \u00e0 Saint-Paul;<\/li>\n<li><strong>Septembre 1991:<\/strong> Ouverture de l\u2019\u00c9cole Voyageur \u00e0 Cold Lake;<\/li>\n<li><strong>Septembre 1992:<\/strong> Ouverture de l\u2019\u00c9cole Beaus\u00e9jour \u00e0 Plamondon;<\/li>\n<li><strong>Novembre 1993:<\/strong> Suite au jugement de 1990, l\u2019Alberta modifie sa Loi scolaire et promulgue la Loi 8 qui remet \u00e0 la communaut\u00e9 de langue fran\u00e7aise la gestion de son propre syst\u00e8me scolaire;<\/li>\n<li><strong>Mars 1994:<\/strong> Un arr\u00eat\u00e9 minist\u00e9riel donne le droit aux parents d\u2019\u00e9lirent les conseillers scolaires qui g\u00e8rent les \u00e9coles francophones. Les premiers \u00e9lus dans le Centre-Est sont: Messieurs Vital Ouellette, Guy Palin, L\u00e9o Piquette et Jacques Bellerive;<\/li>\n<li><strong>Septembre 1994:<\/strong> Ouverture de l\u2019\u00c9cole des Beaux-Lacs \u00e0 Bonnyville;<\/li>\n<li><strong>Mai 1996:<\/strong> \u00c9lection partielle pour remplacer le conseiller d\u00e9missionnaire Jacques Bellerive. Ernest Piquette est \u00e9lu;<\/li>\n<li><strong>Octobre 1998:<\/strong> L\u00e9o Piquette, Murielle St-Arnault, Roger Pellerin, Ernest Piquette et Guy Palin sont \u00e9lus conseillers scolaires<\/li>\n<li><strong>D\u00e9cembre 2001:<\/strong> Suite \u00e0 des changements \u00e0 la Loi scolaire albertaine, les conseils scolaires francophones conservent leur d\u00e9signation de conseils compos\u00e9s \u00e0 l\u2019exclusion de la r\u00e9gion de Calgary qui compte un conseil scolaire francophone catholique et un conseil scolaire francophone public.<\/li>\n<li>La Loi oblige les conseils scolaires \u00e0 proc\u00e9der \u00e0 la d\u00e9signation de leurs \u00e9coles.<\/li>\n<li><strong>Mai 2002:<\/strong> L\u00e9o Piquette, Murielle St-Arnault, R\u00e9ginald Roy, Ernest Piquette et Guy Palin sont \u00e9lus conseillers scolaires. Murielle St-Arnault repr\u00e9sente les int\u00e9r\u00eats des parents non-catholiques;<\/li>\n<li><strong>Janvier et f\u00e9vrier 2003:<\/strong> Les quatre \u00e9coles du Conseil scolaire sont d\u00e9sign\u00e9es catholiques. Toutes les quatre accueillent cependant des \u00e9l\u00e8ves de diff\u00e9rentes confessions religieuses;<\/li>\n<\/ul>\n<p>[\/vc_column_text][\/vc_column][\/vc_row]<\/p>\n<\/div>","protected":false},"excerpt":{"rendered":"<p>[vc_row css=&#8221;.vc_custom_1474478791650{margin-right: 0px !important;margin-left: 0px !important;}&#8221;][vc_column][vc_column_text] UN BREF HISTORIQUE DE NOTRE CONSEIL SCOLAIRE. 1982: L\u2019Article 23 de la Charte canadienne des droits et libert\u00e9s reconna\u00eet le droit aux francophones vivant [&hellip;]<\/p>\n","protected":false},"author":1,"featured_media":0,"parent":0,"menu_order":0,"comment_status":"closed","ping_status":"closed","template":"","meta":{"footnotes":""},"class_list":["post-165","page","type-page","status-publish","hentry"],"_links":{"self":[{"href":"https:\/\/centreest.ca\/accueil\/wp-json\/wp\/v2\/pages\/165","targetHints":{"allow":["GET"]}}],"collection":[{"href":"https:\/\/centreest.ca\/accueil\/wp-json\/wp\/v2\/pages"}],"about":[{"href":"https:\/\/centreest.ca\/accueil\/wp-json\/wp\/v2\/types\/page"}],"author":[{"embeddable":true,"href":"https:\/\/centreest.ca\/accueil\/wp-json\/wp\/v2\/users\/1"}],"replies":[{"embeddable":true,"href":"https:\/\/centreest.ca\/accueil\/wp-json\/wp\/v2\/comments?post=165"}],"version-history":[{"count":5,"href":"https:\/\/centreest.ca\/accueil\/wp-json\/wp\/v2\/pages\/165\/revisions"}],"predecessor-version":[{"id":17568,"href":"https:\/\/centreest.ca\/accueil\/wp-json\/wp\/v2\/pages\/165\/revisions\/17568"}],"wp:attachment":[{"href":"https:\/\/centreest.ca\/accueil\/wp-json\/wp\/v2\/media?parent=165"}],"curies":[{"name":"wp","href":"https:\/\/api.w.org\/{rel}","templated":true}]}}